{"id":1500,"date":"2026-02-11T10:52:55","date_gmt":"2026-02-11T09:52:55","guid":{"rendered":"https:\/\/ceofrance-international.com\/index.php\/produit\/ceo-soutient-du-ciel-edition-limiter-2026\/"},"modified":"2026-03-09T18:43:49","modified_gmt":"2026-03-09T17:43:49","slug":"ceo-soutient-du-ciel-edition-limiter-2026","status":"publish","type":"product","link":"https:\/\/ceofrance-international.com\/index.php\/produit\/ceo-soutient-du-ciel-edition-limiter-2026\/","title":{"rendered":"CEO soutient du ciel \/ \u00e9dition limiter 2026"},"content":{"rendered":"<h2 data-start=\"118\" data-end=\"183\">Casquette \u201cSoutien du Ciel\u201d \u2013 Portez l\u2019engagement au sommet<\/h2>\n<p data-start=\"185\" data-end=\"259\">Le ciel est au-dessus de nous tous.<br data-start=\"220\" data-end=\"223\" \/>Invisible parfois. Immense toujours.<\/p>\n<p data-start=\"261\" data-end=\"394\">La casquette <strong data-start=\"274\" data-end=\"293\">Soutien du Ciel<\/strong> incarne cette id\u00e9e : soutenir ce qui nous d\u00e9passe, participer \u00e0 quelque chose de plus grand que soi.<\/p>\n<p data-start=\"396\" data-end=\"514\">Elle met en avant le logo de <span class=\"hover:entity-accent entity-underline inline cursor-pointer align-baseline\"><span class=\"whitespace-normal\">CEO France International<\/span><\/span>, symbole d\u2019engagement et de soutien \u00e0 la recherche.<\/p>\n<hr data-start=\"516\" data-end=\"519\" \/>\n<h3 data-start=\"521\" data-end=\"544\">\u00a0Design &amp; Confort<\/h3>\n<ul data-start=\"546\" data-end=\"692\">\n<li data-start=\"546\" data-end=\"590\">\n<p data-start=\"548\" data-end=\"590\">Coupe ajustable pour un maintien parfait<\/p>\n<\/li>\n<li data-start=\"591\" data-end=\"621\">\n<p data-start=\"593\" data-end=\"621\">Tissu respirant et durable<\/p>\n<\/li>\n<li data-start=\"622\" data-end=\"654\">\n<p data-start=\"624\" data-end=\"654\">Broderie nette et r\u00e9sistante<\/p>\n<\/li>\n<li data-start=\"655\" data-end=\"692\">\n<p data-start=\"657\" data-end=\"692\">Style sobre, puissant, intemporel<\/p>\n<\/li>\n<\/ul>\n<p data-start=\"694\" data-end=\"763\">Elle s\u2019adapte \u00e0 tous les quotidiens : urbain, sportif, professionnel.<\/p>\n<hr data-start=\"765\" data-end=\"768\" \/>\n<h3 data-start=\"770\" data-end=\"805\">Pourquoi \u201cSoutien du Ciel\u201d ?<\/h3>\n<p data-start=\"807\" data-end=\"988\">Parce que le progr\u00e8s na\u00eet souvent d\u2019id\u00e9es qui semblaient impossibles.<br data-start=\"876\" data-end=\"879\" \/>Parce que viser haut commence par lever la t\u00eate.<br data-start=\"927\" data-end=\"930\" \/>Parce que soutenir la recherche, c\u2019est croire en l\u2019avenir.<\/p>\n<p data-start=\"990\" data-end=\"1058\">Porter cette casquette, c\u2019est afficher ses valeurs sans dire un mot.<\/p>\n<hr data-start=\"1060\" data-end=\"1063\" \/>\n<h3 data-start=\"1065\" data-end=\"1087\">\u00a0Un achat engag\u00e9<\/h3>\n<p data-start=\"1089\" data-end=\"1184\">Chaque achat contribue au soutien des actions men\u00e9es par <span class=\"hover:entity-accent entity-underline inline cursor-pointer align-baseline\"><span class=\"whitespace-normal\">CEO France International<\/span><\/span>.<\/p>\n<p data-start=\"1186\" data-end=\"1255\">Vous ne portez pas seulement une casquette.<br data-start=\"1229\" data-end=\"1232\" \/>Vous portez un message.<\/p>\n","protected":false},"excerpt":{"rendered":"<p>Casquette \u201cSoutien du Ciel\u201d \u2013 Portez l\u2019engagement au sommet Le ciel est au-dessus de nous tous.Invisible parfois. Immense toujours. La casquette Soutien du Ciel incarne cette id\u00e9e : soutenir ce qui nous d\u00e9passe, participer \u00e0 quelque chose de plus grand que soi. Elle met en avant le logo de CEO France International, symbole d\u2019engagement et [&hellip;]<\/p>\n","protected":false},"featured_media":1780,"comment_status":"open","ping_status":"closed","template":"","meta":{"om_disable_all_campaigns":false,"_monsterinsights_skip_tracking":false,"_monsterinsights_sitenote_active":false,"_monsterinsights_sitenote_note":"","_monsterinsights_sitenote_category":0},"product_brand":[],"product_cat":[24],"product_tag":[],"class_list":{"0":"post-1500","1":"product","2":"type-product","3":"status-publish","4":"has-post-thumbnail","6":"product_cat-non-classe","8":"first","9":"instock","10":"shipping-taxable","11":"purchasable","12":"product-type-variable","13":"has-default-attributes"},"aioseo_notices":[],"_links":{"self":[{"href":"https:\/\/ceofrance-international.com\/index.php\/wp-json\/wp\/v2\/product\/1500","targetHints":{"allow":["GET"]}}],"collection":[{"href":"https:\/\/ceofrance-international.com\/index.php\/wp-json\/wp\/v2\/product"}],"about":[{"href":"https:\/\/ceofrance-international.com\/index.php\/wp-json\/wp\/v2\/types\/product"}],"replies":[{"embeddable":true,"href":"https:\/\/ceofrance-international.com\/index.php\/wp-json\/wp\/v2\/comments?post=1500"}],"wp:featuredmedia":[{"embeddable":true,"href":"https:\/\/ceofrance-international.com\/index.php\/wp-json\/wp\/v2\/media\/1780"}],"wp:attachment":[{"href":"https:\/\/ceofrance-international.com\/index.php\/wp-json\/wp\/v2\/media?parent=1500"}],"wp:term":[{"taxonomy":"product_brand","embeddable":true,"href":"https:\/\/ceofrance-international.com\/index.php\/wp-json\/wp\/v2\/product_brand?post=1500"},{"taxonomy":"product_cat","embeddable":true,"href":"https:\/\/ceofrance-international.com\/index.php\/wp-json\/wp\/v2\/product_cat?post=1500"},{"taxonomy":"product_tag","embeddable":true,"href":"https:\/\/ceofrance-international.com\/index.php\/wp-json\/wp\/v2\/product_tag?post=1500"}],"curies":[{"name":"wp","href":"https:\/\/api.w.org\/{rel}","templated":true}]}}