{"id":148,"date":"2023-11-10T17:59:55","date_gmt":"2023-11-10T16:59:55","guid":{"rendered":"https:\/\/ceofrance-international.com\/?page_id=148"},"modified":"2026-03-09T18:38:32","modified_gmt":"2026-03-09T17:38:32","slug":"hommage","status":"publish","type":"page","link":"https:\/\/ceofrance-international.com\/index.php\/hommage\/","title":{"rendered":"Les Pionniers du monde Ufologique"},"content":{"rendered":"\n<figure class=\"wp-block-image aligncenter size-full is-resized\"><img fetchpriority=\"high\" decoding=\"async\" width=\"400\" height=\"389\" src=\"https:\/\/ceofrance-international.com\/wp-content\/uploads\/2026\/03\/Capture-decran-2026-03-09-183222.png\" alt=\"\" class=\"wp-image-1897\" style=\"width:178px;height:auto\" srcset=\"https:\/\/ceofrance-international.com\/wp-content\/uploads\/2026\/03\/Capture-decran-2026-03-09-183222.png 400w, https:\/\/ceofrance-international.com\/wp-content\/uploads\/2026\/03\/Capture-decran-2026-03-09-183222-300x292.png 300w\" sizes=\"(max-width: 400px) 100vw, 400px\" \/><\/figure>\n\n\n\n<p><strong>Yvan Poirier est un Qu\u00e9b\u00e9cois n\u00e9 en 1951, engag\u00e9 depuis plus de 60 ans dans un parcours de d\u00e9veloppement de la conscience. Apr\u00e8s une carri\u00e8re de 35 ans comme administrateur au gouvernement f\u00e9d\u00e9ral canadien, il prend sa retraite en 2006 et se consacre davantage \u00e0 des activit\u00e9s li\u00e9es \u00e0 la croissance personnelle et \u00e0 l\u2019\u00e9veil de la conscience.<\/strong><\/p>\n\n\n\n<p><strong>Il poss\u00e8de une formation universitaire en m\u00e9tacognition (la capacit\u00e9 de r\u00e9fl\u00e9chir sur ses propres pens\u00e9es).<\/strong><\/p>\n\n\n\n<p><strong>Au fil des ann\u00e9es, il a exerc\u00e9 plusieurs activit\u00e9s :<\/strong><\/p>\n\n\n\n<ul class=\"wp-block-list\">\n<li><strong>Conf\u00e9rencier international<\/strong><\/li>\n\n\n\n<li><strong>Auteur et co-auteur de livres<\/strong><\/li>\n\n\n\n<li><strong>Animateur d\u2019\u00e9missions TV et radio<\/strong><\/li>\n\n\n\n<li><strong>Organisateur d\u2019ateliers, s\u00e9minaires et voyages spirituels<\/strong><\/li>\n<\/ul>\n\n\n\n<p><strong>Il a notamment :<\/strong><\/p>\n\n\n\n<ul class=\"wp-block-list\">\n<li>publi\u00e9 le livre <em>La reconnaissance, une question de respect<\/em><\/li>\n\n\n\n<li>co\u00e9crit <em>Change Your Future Now<\/em><\/li>\n\n\n\n<li>produit <strong>plus de 130 \u00e9missions TV<\/strong> sur la sant\u00e9 (<em>La Sant\u00e9 \u00e0 360<\/em>)<\/li>\n\n\n\n<li>r\u00e9alis\u00e9 <strong>plus de 30 conf\u00e9rences radio<\/strong> sur l\u2019\u00e9veil de la conscience (<em>La Conscience Zen<\/em>).<\/li>\n<\/ul>\n\n\n\n<p>Aujourd\u2019hui, il collabore avec le site,<strong><a href=\"https:\/\/www.enespritlibre.com\/\" target=\"_blank\" rel=\"noopener\" title=\" En Esprit Libre\">https:\/\/www.enespritlibre.com\/ <\/a><\/strong>o\u00f9 il publie des textes sur la <strong>conscientisation multidimensionnelle, l\u2019\u00e9veil spirituel et le d\u00e9veloppement int\u00e9rieur<\/strong>.<\/p>\n\n\n\n<p><strong>Depuis plus de 40 ans, il donne conf\u00e9rences, stages et s\u00e9minaires dans le monde, en pr\u00e9sentiel ou en ligne. Il affirme \u00e9galement pratiquer la canalisation et la \u201cvibralisation\u201d consciente depuis l\u2019\u00e2ge de 13 ans et dit transmettre un savoir spirituel inspir\u00e9 de l\u2019\u00ab Esprit Saint \u00bb.<\/strong><\/p>\n\n\n\n<hr class=\"wp-block-separator has-alpha-channel-opacity\"\/>\n\n\n\n<p><strong>Si on prend un peu de recul analytique (mode cerveau critique activ\u00e9 \ud83e\udde0), le profil m\u00e9lange trois univers diff\u00e9rents :<\/strong><\/p>\n\n\n\n<ol class=\"wp-block-list\">\n<li><strong>Une carri\u00e8re administrative solide et v\u00e9rifiable<\/strong><\/li>\n\n\n\n<li><strong>Des activit\u00e9s m\u00e9diatiques et de formation en d\u00e9veloppement personnel<\/strong><\/li>\n\n\n\n<li><strong>Un discours spirituel \u00e9sot\u00e9rique<\/strong> (multidimensionnalit\u00e9, canalisation, vibralisation)<\/li>\n<\/ol>\n\n\n\n<p><strong>Ces trois couches coexistent souvent chez les figures du d\u00e9veloppement spirituel contemporain.<\/strong><\/p>\n\n\n\n<p><strong>Dans l\u2019histoire des id\u00e9es, ce type de trajectoire appara\u00eet surtout depuis les ann\u00e9es 1970-1990 avec la vague New Age, o\u00f9 psychologie, spiritualit\u00e9 et cosmologie personnelle se m\u00e9langent joyeusement. Certaines id\u00e9es peuvent \u00eatre philosophiquement int\u00e9ressantes, mais leurs affirmations m\u00e9taphysiques restent des hypoth\u00e8ses ou croyances, pas des faits scientifiquement d\u00e9montr\u00e9s.<\/strong><\/p>\n\n\n\n<p><strong>Un esprit curieux garde deux outils dans sa poche :<br>la curiosit\u00e9 ouverte\u2026 et le rasoir d\u2019Occam (ne pas multiplier les explications extraordinaires sans preuves solides).<\/strong><\/p>\n\n\n\n<p><strong>La fronti\u00e8re entre exploration int\u00e9rieure, philosophie et croyance mystique est un terrain fascinant , un vrai laboratoire pour l\u2019esprit humain.<\/strong><\/p>\n\n\n\n<figure class=\"wp-block-image size-large is-resized\"><img decoding=\"async\" width=\"1024\" height=\"413\" src=\"https:\/\/ceofrance-international.com\/wp-content\/uploads\/2024\/10\/Medaillon-Jean-Michel-RAOUX--1024x413.png\" alt=\"jean - michel raoux\" class=\"wp-image-801\" style=\"aspect-ratio:2.479451337626302;width:484px;height:auto\" srcset=\"https:\/\/ceofrance-international.com\/wp-content\/uploads\/2024\/10\/Medaillon-Jean-Michel-RAOUX--1024x413.png 1024w, https:\/\/ceofrance-international.com\/wp-content\/uploads\/2024\/10\/Medaillon-Jean-Michel-RAOUX--300x121.png 300w, https:\/\/ceofrance-international.com\/wp-content\/uploads\/2024\/10\/Medaillon-Jean-Michel-RAOUX--768x310.png 768w, https:\/\/ceofrance-international.com\/wp-content\/uploads\/2024\/10\/Medaillon-Jean-Michel-RAOUX--1536x619.png 1536w, https:\/\/ceofrance-international.com\/wp-content\/uploads\/2024\/10\/Medaillon-Jean-Michel-RAOUX-.png 1600w\" sizes=\"(max-width: 1024px) 100vw, 1024px\" \/><\/figure>\n\n\n\n<h2 class=\"wp-block-heading\">Jean Michel Raoux<\/h2>\n\n\n\n<p><strong><em>Jean-Michel Raoux est physicien quantique, chimiste et enseignant priv\u00e9 en sciences avanc\u00e9es alternatives. Chercheur engag\u00e9, il a co\u00e9crit plusieurs ouvrages avec Raymond Spinosi et anime depuis plus de 22 ans une \u00e9quipe de recherche ind\u00e9pendante consacr\u00e9e \u00e0 l\u2019\u00e9tude des interactions entre conscience, ph\u00e9nom\u00e8nes quantiques et structure de la r\u00e9alit\u00e9.<\/em><\/strong><\/p>\n\n\n\n<p><strong><em>Ancien directeur de la commission Ufologie de l\u2019IMSA (Institut Mondial des Sciences Avanc\u00e9es), il est \u00e9galement fondateur de l\u2019ONG <a href=\"https:\/\/www.alliances-celestes.com\/\" title=\"Alliance C\u00e9lestes\">Alliance C\u00e9lestes<\/a>, d\u00e9di\u00e9e \u00e0 l\u2019\u00e9tude et \u00e0 l\u2019information autour du ph\u00e9nom\u00e8ne OVNI, des intelligences non humaines et des changements de paradigmes li\u00e9s \u00e0 l\u2019espace-temps.<\/em><\/strong><\/p>\n\n\n\n<p><strong><em>Passionn\u00e9 d\u2019ufologie depuis le d\u00e9but des ann\u00e9es 1990, Jean-Michel Raoux a parcouru la France \u00e0 la recherche de t\u00e9moignages d\u2019observations d\u2019OVNI et d\u2019indices de pr\u00e9sences extraterrestres. Il est aussi organisateur de congr\u00e8s ufologiques, dont celui tenu au Z\u00e9nith de Limoges, consacr\u00e9 aux hypoth\u00e8ses de contacts extraterrestres sur Terre.<\/em><\/strong><\/p>\n\n\n\n<p><strong><em>Aujourd\u2019hui consultant au CEO France-International, il contribue \u00e0 une approche transversale reliant recherche scientifique alternative, conscience, ufologie moderne et investigation ind\u00e9pendante, dans une d\u00e9marche guid\u00e9e par la passion de comprendre et l\u2019exploration de nouvelles fronti\u00e8res du r\u00e9el.<\/em><\/strong><\/p>\n\n\n\n<figure class=\"wp-block-image aligncenter size-full is-resized\"><img decoding=\"async\" width=\"214\" height=\"179\" src=\"https:\/\/ceofrance-international.com\/wp-content\/uploads\/2026\/01\/Capture-decran-2026-01-10-223601.png\" alt=\"\" class=\"wp-image-1020\" style=\"aspect-ratio:0.7412109375;width:231px;height:auto\"\/><\/figure>\n\n\n\n<h3 class=\"wp-block-heading\">Jimmy Guieu (1926\u20132000)<\/h3>\n\n\n\n<p><strong><em>Pionnier de l\u2019ufologie et ma\u00eetre de l\u2019imaginaire<\/em><\/strong><\/p>\n\n\n\n<p><strong><em>Jimmy Guieu, n\u00e9 \u00e0 Aix-en-Provence le 19 mars 1926, fut membre d\u2019honneur du CEO \u2013 France, mais aussi un ami proche et conseiller de l\u2019association. Certains d\u2019entre nous le connaissaient d\u00e8s les ann\u00e9es 1970, lorsqu\u2019il animait Les Carrefours de l\u2019\u00c9trange sur une radio marseillaise et donnait d\u00e9j\u00e0 de nombreuses conf\u00e9rences publiques \u00e0 Marseille.<\/em><\/strong><\/p>\n\n\n\n<p><strong><em>\u00c9crivain passionn\u00e9, conf\u00e9rencier infatigable, toujours accessible et dot\u00e9 d\u2019un humour discret, il r\u00e9pondait avec g\u00e9n\u00e9rosit\u00e9 aux questions et suscita rapidement une profonde sympathie aupr\u00e8s de ceux qui l\u2019ont c\u00f4toy\u00e9.<\/em><\/strong><\/p>\n\n\n\n<p><strong><em>Figure majeure de la science-fiction europ\u00e9enne, Jimmy Guieu fut \u00e9galement un pionnier de l\u2019ufologie, de la parapsychologie, et un sp\u00e9cialiste reconnu de l\u2019\u00e9sot\u00e9risme et des soci\u00e9t\u00e9s secr\u00e8tes.<br>Au-del\u00e0 de ses romans, longtemps introuvables, ses ouvrages documentaires constituent l\u2019un des corpus les plus riches consacr\u00e9s au ph\u00e9nom\u00e8ne OVNI.<\/em><\/strong><\/p>\n\n\n\n<p><strong><em>D\u00e8s 1954 et 1956, avec Les soucoupes volantes viennent d\u2019un autre monde et Black-out sur les soucoupes volantes, il posait des bases de recherche dont certaines trouvent aujourd\u2019hui une r\u00e9sonance troublante.<\/em><\/strong><\/p>\n\n\n\n<p><strong><em>Jean Cocteau \u00e9crivait alors :<br>\u00ab Vous n\u2019\u00eates pas un pr\u00e9curseur\u2026 vous \u00eates \u00e0 l\u2019heure. Ce sont les autres montres qui retardent. \u00bb<\/em><\/strong><\/p>\n\n\n\n<p><strong><em>Jimmy Guieu s\u2019est \u00e9teint le 2 janvier 2000, \u00e0 l\u2019\u00e2ge de 73 ans, laissant derri\u00e8re lui une \u0153uvre visionnaire et un h\u00e9ritage intellectuel majeur.<\/em><\/strong><\/p>\n\n\n\n<figure class=\"wp-block-image aligncenter size-full is-resized\"><img loading=\"lazy\" decoding=\"async\" width=\"374\" height=\"392\" src=\"https:\/\/ceofrance-international.com\/wp-content\/uploads\/2026\/01\/Capture-decran-2026-01-10-224821.png\" alt=\"\" class=\"wp-image-1022\" style=\"width:310px;height:auto\" srcset=\"https:\/\/ceofrance-international.com\/wp-content\/uploads\/2026\/01\/Capture-decran-2026-01-10-224821.png 374w, https:\/\/ceofrance-international.com\/wp-content\/uploads\/2026\/01\/Capture-decran-2026-01-10-224821-286x300.png 286w\" sizes=\"(max-width: 374px) 100vw, 374px\" \/><\/figure>\n\n\n\n<h2 class=\"wp-block-heading\"><strong>Roger Correard<\/strong><\/h2>\n\n\n\n<p><strong><em>Il fut l\u2019un de nos v\u00e9ritables initiateurs concernant le Rocher du Dromon.<br>Gr\u00e2ce \u00e0 lui, nous avons commenc\u00e9 \u00e0 comprendre comment fonctionnent ces lieux singuliers, parfois d\u00e9crits comme de v\u00e9ritables couloirs de passage d\u2019objets volants non identifi\u00e9s.<\/em><\/strong><\/p>\n\n\n\n<p><strong><em>Il nous a appris \u00e0 regarder au-del\u00e0 des apparences, \u00e0 percevoir des r\u00e9alit\u00e9s qui d\u00e9passent nos cadres mentaux traditionnels, des savoirs anciens peu \u00e0 peu oubli\u00e9s avec le temps.<\/em><\/strong><\/p>\n\n\n\n<p><strong><em>Roger Correard se pr\u00e9sentait comme l\u2019un des gardiens du Rocher du Dromon.<br>Lorsque nous \u00e9tions en contact \u00e9troit avec lui, alors qu\u2019il r\u00e9sidait \u00e0 Eygui\u00e8res (Bouches-du-Rh\u00f4ne), il nous transmit de nombreuses informations pr\u00e9cises, issues de son exp\u00e9rience et de sa connaissance intime du lieu.<\/em><\/strong><\/p>\n\n\n\n<p><strong><em>Sa disparition brutale mit fin, trop soudainement, \u00e0 cette relation pr\u00e9cieuse.<br>Pour nous, Roger n\u2019\u00e9tait pas seulement un t\u00e9moin ou un chercheur :<br>il \u00e9tait un ami sinc\u00e8re, profond\u00e9ment respect\u00e9, dont la m\u00e9moire reste intimement li\u00e9e \u00e0 l\u2019histoire du Rocher du Dromon et \u00e0 notre cheminement collectif.<\/em><\/strong><\/p>\n\n\n\n<figure class=\"wp-block-image aligncenter size-full is-resized\"><img loading=\"lazy\" decoding=\"async\" width=\"216\" height=\"277\" src=\"https:\/\/ceofrance-international.com\/wp-content\/uploads\/2026\/01\/Capture-decran-2026-01-10-225821.png\" alt=\"\" class=\"wp-image-1023\" style=\"aspect-ratio:0.7798085291557877;width:258px;height:auto\"\/><\/figure>\n\n\n\n<h2 class=\"wp-block-heading\"><strong>Lucien Roger-Luc Mary<\/strong>&nbsp;(1930 &#8211; 2002)<\/h2>\n\n\n\n<p><strong><em>Autodidacte aux multiples facettes, il fut \u00e9crivain, parapsychologue, ufologue, journaliste et conf\u00e9rencier, tout en menant parall\u00e8lement une carri\u00e8re de musicien de jazz entre 1948 et 1969. Auteur-compositeur reconnu, ses \u0153uvres furent interpr\u00e9t\u00e9es par des artistes majeurs tels que Sylvie Vartan, Tino Rossi, Danielle Darrieux, Stan Getz, Ella Fitzgerald ou Al Jarreau.<\/em><\/strong><\/p>\n\n\n\n<p><strong><em>Pendant plus de vingt ans, il parcourut le monde, nourrissant ses recherches en arch\u00e9ologie, ethnologie, philosophie et religions. En 1969, il choisit d\u2019abandonner la musique pour se consacrer pleinement \u00e0 la parapsychologie, publiant de nombreux articles et devenant r\u00e9dacteur en chef du journal La Voix communale.<\/em><\/strong><\/p>\n\n\n\n<p><strong><em>Son roman Le Matin des solitudes lui valut en 1974 le Prix de la Presse de la ville de Cannes, d\u00e9cern\u00e9 par la Ve Biennale Arts et Lettres.<br>En 1978, il cofonde avec Jimmy Guieu l\u2019Institut Mondial des Sciences Avanc\u00e9es (IMSA), dont il sera pr\u00e9sident honorifique \u00e0 partir de 1993, et collabore \u00e0 plusieurs revues sp\u00e9cialis\u00e9es.<\/em><\/strong><\/p>\n\n\n\n<p><strong><em>En 1981, il publie Les Germes de la connaissance, ouvrage de r\u00e9f\u00e9rence en ufologie. Malgr\u00e9 une vie mat\u00e9rielle modeste, il incarna jusqu\u2019au bout la figure du chercheur ind\u00e9pendant, riche de savoirs, de curiosit\u00e9 et d\u2019humanisme.<\/em><\/strong><\/p>\n","protected":false},"excerpt":{"rendered":"<p>Yvan Poirier est un Qu\u00e9b\u00e9cois n\u00e9 en 1951, engag\u00e9 depuis plus de 60 ans dans un parcours de d\u00e9veloppement de la conscience. Apr\u00e8s une carri\u00e8re de 35 ans comme administrateur au gouvernement f\u00e9d\u00e9ral canadien, il prend sa retraite en 2006 et se consacre davantage \u00e0 des activit\u00e9s li\u00e9es \u00e0 la croissance personnelle et \u00e0 l\u2019\u00e9veil [&hellip;]<\/p>\n","protected":false},"author":1,"featured_media":0,"parent":0,"menu_order":0,"comment_status":"closed","ping_status":"closed","template":"","meta":{"om_disable_all_campaigns":false,"_monsterinsights_skip_tracking":false,"_monsterinsights_sitenote_active":false,"_monsterinsights_sitenote_note":"","_monsterinsights_sitenote_category":0,"footnotes":""},"class_list":["post-148","page","type-page","status-publish","hentry"],"aioseo_notices":[],"_links":{"self":[{"href":"https:\/\/ceofrance-international.com\/index.php\/wp-json\/wp\/v2\/pages\/148","targetHints":{"allow":["GET"]}}],"collection":[{"href":"https:\/\/ceofrance-international.com\/index.php\/wp-json\/wp\/v2\/pages"}],"about":[{"href":"https:\/\/ceofrance-international.com\/index.php\/wp-json\/wp\/v2\/types\/page"}],"author":[{"embeddable":true,"href":"https:\/\/ceofrance-international.com\/index.php\/wp-json\/wp\/v2\/users\/1"}],"replies":[{"embeddable":true,"href":"https:\/\/ceofrance-international.com\/index.php\/wp-json\/wp\/v2\/comments?post=148"}],"version-history":[{"count":20,"href":"https:\/\/ceofrance-international.com\/index.php\/wp-json\/wp\/v2\/pages\/148\/revisions"}],"predecessor-version":[{"id":1898,"href":"https:\/\/ceofrance-international.com\/index.php\/wp-json\/wp\/v2\/pages\/148\/revisions\/1898"}],"wp:attachment":[{"href":"https:\/\/ceofrance-international.com\/index.php\/wp-json\/wp\/v2\/media?parent=148"}],"curies":[{"name":"wp","href":"https:\/\/api.w.org\/{rel}","templated":true}]}}