{"id":125,"date":"2023-11-09T09:19:13","date_gmt":"2023-11-09T08:19:13","guid":{"rendered":"https:\/\/ceofrance-international.com\/?page_id=125"},"modified":"2026-01-11T00:28:52","modified_gmt":"2026-01-10T23:28:52","slug":"prochaine-conference","status":"publish","type":"page","link":"https:\/\/ceofrance-international.com\/index.php\/prochaine-conference\/","title":{"rendered":"Nos Conf\u00e9rences &amp; Ev\u00e8nements pass\u00e9es"},"content":{"rendered":"\n<div class=\"wp-block-group is-layout-constrained wp-block-group-is-layout-constrained\">\n<hr class=\"wp-block-separator has-alpha-channel-opacity is-style-wide is-style-wide--1\"\/>\n\n\n\n<p><strong><em>D\u00e9couvrez les conf\u00e9rences &amp; rencontres organis\u00e9es <br>par CEO France International depuis notre cr\u00e9ation.<\/em><\/strong><\/p>\n\n\n\n<p><strong><em>Ces \u00e9v\u00e8nements ont permis d&rsquo;\u00e9changer avec des centaines de passionn\u00e9s d&rsquo;ufologie et de ph\u00e9nom\u00e8nes a\u00e9riens non identifi\u00e9s (PAN) lors de d\u00e9bats riches et d&rsquo;interventions d&rsquo;experts.<\/em><\/strong><\/p>\n\n\n\n<div class=\"wp-block-group is-layout-constrained wp-block-group-is-layout-constrained\">\n<div class=\"wp-block-columns is-layout-flex wp-container-core-columns-is-layout-28f84493 wp-block-columns-is-layout-flex\">\n<div class=\"wp-block-column is-layout-flow wp-block-column-is-layout-flow\">\n<figure class=\"wp-block-image size-large\"><img fetchpriority=\"high\" decoding=\"async\" width=\"768\" height=\"1024\" src=\"https:\/\/ceofrance-international.com\/wp-content\/uploads\/2024\/09\/rencontre-du-cinquieme-type-1--768x1024.jpg\" alt=\"\" class=\"wp-image-763\" style=\"aspect-ratio:0.7500079181579198\" srcset=\"https:\/\/ceofrance-international.com\/wp-content\/uploads\/2024\/09\/rencontre-du-cinquieme-type-1--768x1024.jpg 768w, https:\/\/ceofrance-international.com\/wp-content\/uploads\/2024\/09\/rencontre-du-cinquieme-type-1--225x300.jpg 225w, https:\/\/ceofrance-international.com\/wp-content\/uploads\/2024\/09\/rencontre-du-cinquieme-type-1--1152x1536.jpg 1152w, https:\/\/ceofrance-international.com\/wp-content\/uploads\/2024\/09\/rencontre-du-cinquieme-type-1--1536x2048.jpg 1536w, https:\/\/ceofrance-international.com\/wp-content\/uploads\/2024\/09\/rencontre-du-cinquieme-type-1-.jpg 1920w\" sizes=\"(max-width: 768px) 100vw, 768px\" \/><\/figure>\n<\/div>\n\n\n\n<div class=\"wp-block-column is-layout-flow wp-block-column-is-layout-flow\">\n<figure class=\"wp-block-image size-full is-resized\"><img decoding=\"async\" width=\"630\" height=\"890\" src=\"https:\/\/ceofrance-international.com\/wp-content\/uploads\/2023\/11\/conference-17-fevrier.png\" alt=\"\" class=\"wp-image-195\" style=\"aspect-ratio:0.7078682276068609;width:339px;height:auto\" srcset=\"https:\/\/ceofrance-international.com\/wp-content\/uploads\/2023\/11\/conference-17-fevrier.png 630w, https:\/\/ceofrance-international.com\/wp-content\/uploads\/2023\/11\/conference-17-fevrier-212x300.png 212w\" sizes=\"(max-width: 630px) 100vw, 630px\" \/><\/figure>\n<\/div>\n<\/div>\n<\/div>\n\n\n\n<h2 class=\"wp-block-heading\"><strong><em>Conf\u00e9rence du 12 Octobre 2024<\/em><\/strong><\/h2>\n\n\n\n<div class=\"wp-block-columns is-layout-flex wp-container-core-columns-is-layout-28f84493 wp-block-columns-is-layout-flex\">\n<div class=\"wp-block-column is-layout-flow wp-block-column-is-layout-flow\">\n<figure class=\"wp-block-embed is-type-video is-provider-youtube wp-block-embed-youtube wp-embed-aspect-16-9 wp-has-aspect-ratio\"><div class=\"wp-block-embed__wrapper\">\n<iframe title=\"Conf\u00e9rence 12 Octobre 2024 part 1\" width=\"500\" height=\"281\" src=\"https:\/\/www.youtube.com\/embed\/iUQocRKc7do?feature=oembed\" frameborder=\"0\" allow=\"accelerometer; autoplay; clipboard-write; encrypted-media; gyroscope; picture-in-picture; web-share\" referrerpolicy=\"strict-origin-when-cross-origin\" allowfullscreen><\/iframe>\n<\/div><\/figure>\n<\/div>\n\n\n\n<div class=\"wp-block-column is-layout-flow wp-block-column-is-layout-flow\">\n<figure class=\"wp-block-embed is-type-video is-provider-youtube wp-block-embed-youtube wp-embed-aspect-16-9 wp-has-aspect-ratio\"><div class=\"wp-block-embed__wrapper\">\n<iframe title=\"Conf\u00e9rence 12 Octobre 2024 part 2\" width=\"500\" height=\"281\" src=\"https:\/\/www.youtube.com\/embed\/b-13JiQsGm4?feature=oembed\" frameborder=\"0\" allow=\"accelerometer; autoplay; clipboard-write; encrypted-media; gyroscope; picture-in-picture; web-share\" referrerpolicy=\"strict-origin-when-cross-origin\" allowfullscreen><\/iframe>\n<\/div><\/figure>\n<\/div>\n\n\n\n<div class=\"wp-block-column is-layout-flow wp-block-column-is-layout-flow\">\n<figure class=\"wp-block-embed is-type-video is-provider-youtube wp-block-embed-youtube wp-embed-aspect-16-9 wp-has-aspect-ratio\"><div class=\"wp-block-embed__wrapper\">\n<iframe title=\"Conf\u00e9rence 12 Octobre 2024 part 3\" width=\"500\" height=\"281\" src=\"https:\/\/www.youtube.com\/embed\/7npsbQz50VE?feature=oembed\" frameborder=\"0\" allow=\"accelerometer; autoplay; clipboard-write; encrypted-media; gyroscope; picture-in-picture; web-share\" referrerpolicy=\"strict-origin-when-cross-origin\" allowfullscreen><\/iframe>\n<\/div><\/figure>\n<\/div>\n<\/div>\n<\/div>\n\n\n\n<hr class=\"wp-block-separator has-alpha-channel-opacity is-style-wide is-style-wide--2\"\/>\n\n\n\n<div class=\"wp-block-group is-layout-constrained wp-block-group-is-layout-constrained\">\n<div class=\"wp-block-columns is-layout-flex wp-container-core-columns-is-layout-28f84493 wp-block-columns-is-layout-flex\">\n<div class=\"wp-block-column is-layout-flow wp-block-column-is-layout-flow\">\n<div class=\"wp-block-columns is-layout-flex wp-container-core-columns-is-layout-28f84493 wp-block-columns-is-layout-flex\">\n<div class=\"wp-block-column is-layout-flow wp-block-column-is-layout-flow\">\n<p><strong>1 &#8211; \u00e8re Parti  <\/strong><\/p>\n<\/div>\n\n\n\n<div class=\"wp-block-column is-layout-flow wp-block-column-is-layout-flow\">\n<p><strong>2 &#8211; \u00e8me Parti<\/strong><\/p>\n<\/div>\n\n\n\n<div class=\"wp-block-column is-layout-flow wp-block-column-is-layout-flow\">\n<p><strong>3 &#8211; \u00e8me Parti<\/strong><\/p>\n<\/div>\n<\/div>\n<\/div>\n<\/div>\n\n\n\n<h3 class=\"wp-block-heading\"><strong><em>Conf\u00e9rence du 08 Avril 2025<\/em><\/strong><\/h3>\n\n\n\n<div class=\"wp-block-columns is-layout-flex wp-container-core-columns-is-layout-28f84493 wp-block-columns-is-layout-flex\">\n<div class=\"wp-block-column is-layout-flow wp-block-column-is-layout-flow\">\n<figure class=\"wp-block-embed is-type-video is-provider-youtube wp-block-embed-youtube wp-embed-aspect-16-9 wp-has-aspect-ratio\"><div class=\"wp-block-embed__wrapper\">\n<iframe title=\"Conf\u00e9rence Avignon 2025 sur les OVNI et les Enl\u00e8vements Extraterrestres\" width=\"500\" height=\"281\" src=\"https:\/\/www.youtube.com\/embed\/JDjpSGuitT4?feature=oembed\" frameborder=\"0\" allow=\"accelerometer; autoplay; clipboard-write; encrypted-media; gyroscope; picture-in-picture; web-share\" referrerpolicy=\"strict-origin-when-cross-origin\" allowfullscreen><\/iframe>\n<\/div><\/figure>\n<\/div>\n\n\n\n<div class=\"wp-block-column is-layout-flow wp-block-column-is-layout-flow\">\n<figure class=\"wp-block-embed is-type-video is-provider-youtube wp-block-embed-youtube wp-embed-aspect-16-9 wp-has-aspect-ratio\"><div class=\"wp-block-embed__wrapper\">\n<iframe title=\"T\u00e9moignage Christine Conf\u00e9rence Avignon 2025\" width=\"500\" height=\"281\" src=\"https:\/\/www.youtube.com\/embed\/2yjouNhIh1k?list=PLRdhkkrRLLz-Ss7ikCc_rPGbPbtcYycEV\" frameborder=\"0\" allow=\"accelerometer; autoplay; clipboard-write; encrypted-media; gyroscope; picture-in-picture; web-share\" referrerpolicy=\"strict-origin-when-cross-origin\" allowfullscreen><\/iframe>\n<\/div><\/figure>\n<\/div>\n\n\n\n<div class=\"wp-block-column is-layout-flow wp-block-column-is-layout-flow\"><\/div>\n<\/div>\n\n\n\n<div class=\"wp-block-columns is-layout-flex wp-container-core-columns-is-layout-28f84493 wp-block-columns-is-layout-flex\">\n<div class=\"wp-block-column is-layout-flow wp-block-column-is-layout-flow\">\n<p> <strong>Conf\u00e9rence\/Avignon 25<\/strong><\/p>\n<\/div>\n\n\n\n<div class=\"wp-block-column is-layout-flow wp-block-column-is-layout-flow\">\n<p class=\"has-text-align-center\"><strong>T\u00e9moignage<\/strong><\/p>\n<\/div>\n\n\n\n<div class=\"wp-block-column is-layout-flow wp-block-column-is-layout-flow\"><\/div>\n<\/div>\n\n\n\n<p><strong><em>M\u00eame si nos conf\u00e9rences pass\u00e9es restent des moments fort de partage,<br>nous pr\u00e9parons d\u00e9j\u00e0 les prochains \u00e9v\u00e8nements pour 2026 &amp; 2027.<br>Pour \u00eatre les premiers inform\u00e9s des nouvelles dates et th\u00e8mes.<\/em><\/strong><\/p>\n\n\n\n<p><strong>Adh\u00e9rez \u00e0 l&rsquo;association ou contactez nous pour proposer une intervention.<\/strong><\/p>\n<\/div>\n\n\n\n<hr class=\"wp-block-separator has-alpha-channel-opacity is-style-wide is-style-wide--3\"\/>\n","protected":false},"excerpt":{"rendered":"<p>D\u00e9couvrez les conf\u00e9rences &amp; rencontres organis\u00e9es par CEO France International depuis notre cr\u00e9ation. Ces \u00e9v\u00e8nements ont permis d&rsquo;\u00e9changer avec des centaines de passionn\u00e9s d&rsquo;ufologie et de ph\u00e9nom\u00e8nes a\u00e9riens non identifi\u00e9s (PAN) lors de d\u00e9bats riches et d&rsquo;interventions d&rsquo;experts. Conf\u00e9rence du 12 Octobre 2024 1 &#8211; \u00e8re Parti 2 &#8211; \u00e8me Parti 3 &#8211; \u00e8me Parti [&hellip;]<\/p>\n","protected":false},"author":1,"featured_media":0,"parent":0,"menu_order":0,"comment_status":"closed","ping_status":"closed","template":"","meta":{"om_disable_all_campaigns":false,"_monsterinsights_skip_tracking":false,"_monsterinsights_sitenote_active":false,"_monsterinsights_sitenote_note":"","_monsterinsights_sitenote_category":0,"footnotes":""},"class_list":["post-125","page","type-page","status-publish","hentry"],"aioseo_notices":[],"_links":{"self":[{"href":"https:\/\/ceofrance-international.com\/index.php\/wp-json\/wp\/v2\/pages\/125","targetHints":{"allow":["GET"]}}],"collection":[{"href":"https:\/\/ceofrance-international.com\/index.php\/wp-json\/wp\/v2\/pages"}],"about":[{"href":"https:\/\/ceofrance-international.com\/index.php\/wp-json\/wp\/v2\/types\/page"}],"author":[{"embeddable":true,"href":"https:\/\/ceofrance-international.com\/index.php\/wp-json\/wp\/v2\/users\/1"}],"replies":[{"embeddable":true,"href":"https:\/\/ceofrance-international.com\/index.php\/wp-json\/wp\/v2\/comments?post=125"}],"version-history":[{"count":21,"href":"https:\/\/ceofrance-international.com\/index.php\/wp-json\/wp\/v2\/pages\/125\/revisions"}],"predecessor-version":[{"id":1038,"href":"https:\/\/ceofrance-international.com\/index.php\/wp-json\/wp\/v2\/pages\/125\/revisions\/1038"}],"wp:attachment":[{"href":"https:\/\/ceofrance-international.com\/index.php\/wp-json\/wp\/v2\/media?parent=125"}],"curies":[{"name":"wp","href":"https:\/\/api.w.org\/{rel}","templated":true}]}}